36 even?
True
Does 17 divide 28516480?
True
Is 406 a factor of 64136445?
False
Is 1387736 a multiple of 5?
False
Is 4 a factor of 3755100?
True
Does 425 divide 854300150?
True
Does 1401 divide 111131800?
False
Is 1424323690 a multiple of 58?
True
Is 4487642209 a multiple of 15?
False
Is 3855 a factor of 4293722130?
True
Is 10 a factor of 78569880?
True
Is 141070261 a multiple of 3868?
False
Does 2161 divide 24639722?
True
Is 83147238 a multiple of 57?
False
Is 663 a factor of 32992869?
True
Does 10 divide 238369713?
False
Is 45463267 a multiple of 803?
False
Does 220 divide 517827640?
True
Is 83 a factor of 360697914?
True
Is 681 a factor of 4420161933?
True
Is 43948503 a multiple of 1285?
False
Does 19 divide 607247360?
False
Does 158 divide 976427676?
True
Is 3094992 a multiple of 17?
False
Is 5901 a factor of 458057000?
False
Does 31 divide 670051?
False
Does 199 divide 206344095?
True
Does 73 divide 935856569?
True
Is 4840769424 a multiple of 14717?
False
Is 89533377 a multiple of 106?
False
Does 6 divide 114495174?
True
Is 57412641 a multiple of 9?
False
Does 106 divide 161965562?
True
Is 8 a factor of 39843462?
False
Is 17 a factor of 110799829?
True
Is 18 a factor of 15517494?
True
Does 146 divide 6671470?
True
Is 699601667 a multiple of 14?
False
Does 2 divide 40554368?
True
Is 3184959 a multiple of 83?
True
Is 610 a factor of 40526570?
True
Does 5010 divide 472378497?
False
Is 86156621 a multiple of 584?
False
Does 4580 divide 2717519995?
False
Is 1438 a factor of 81086087?
False
Does 9 divide 4969399662?
True
Does 6 divide 2966778?
True
Is 8 a factor of 392183152?
True
Is 4 a factor of 16198133?
False
Is 1320 a factor of 187621830?
False
Is 56 a factor of 20771659?
False
Does 114 divide 96383352?
True
Does 16 divide 920825762?
False
Is 2 a factor of 8670740?
True
Is 3611165556 a multiple of 491?
True
Is 2471 a factor of 186372695?
False
Does 1390 divide 882227440?
True
Is 161403326 a multiple of 283?
False
Is 9746856 a multiple of 42?
True
Is 199 a factor of 3863386?
True
Is 1854 a factor of 2922833990?
False
Does 30 divide 606291420?
True
Does 641 divide 182672821?
True
Is 105 a factor of 76143690?
True
Is 208099296 a multiple of 1084?
False
Is 82767614 a multiple of 3759?
False
Is 63 a factor of 28722204?
True
Is 483067620 a multiple of 63?
True
Is 2361856580 a multiple of 18?
False
Is 838 a factor of 661103833?
False
Is 155474588 a multiple of 68?
True
Is 328 a factor of 397108804?
False
Does 412 divide 12692487?
False
Is 57 a factor of 110872809?
True
Is 353 a factor of 1961974?
True
Is 17 a factor of 29177882?
True
Does 55 divide 1096059155?
False
Is 1491 a factor of 21355148?
False
Is 2910458723 a multiple of 101?
True
Is 1248 a factor of 187486176?
False
Is 1181 a factor of 230011560?
True
Does 63 divide 2780707167?
True
Is 9362700 a multiple of 3?
True
Does 99 divide 95198870?
False
Is 943 a factor of 18713835?
True
Does 1434 divide 87382201?
False
Is 16 a factor of 173536116?
False
Is 2455545663 a multiple of 37?
True
Is 14 a factor of 61678319?
False
Does 3 divide 96931705?
False
Is 2 a factor of 301230352?
True
Is 17470204 a multiple of 334?
True
Is 622261134 a multiple of 27?
False
Is 527872695 a multiple of 86?
False
Is 114 a factor of 127787844?
True
Is 298 a factor of 46472465?
False
Is 117174453 a multiple of 391?
False
Is 93289034 a multiple of 2302?
False
Does 17 divide 8638414?
True
Is 41934831 a multiple of 201?
True
Is 2542 a factor of 177388067?
False
Is 169 a factor of 82293536?
True
Is 1699504423 a multiple of 103?
False
Does 699 divide 451645472?
False
Is 98944761 a multiple of 92?
False
Does 34 divide 65448766?
False
Is 1253 a factor of 1325363256?
True
Is 22 a factor of 107302316?
True
Does 44 divide 28046964?
True
Is 307 a factor of 29059318?
False
Is 1463225877 a multiple of 8312?
False
Does 1299 divide 54018061?
False
Is 18988794 a multiple of 29?
True
Does 447 divide 373224533?
False
Is 4249028 a multiple of 128?
False
Is 2067 a factor of 2617456569?
True
Does 140 divide 57570660?
True
Is 3015 a factor of 228847525?
False
Is 549 a factor of 19271293?
False
Is 732 a factor of 15975168?
True
Is 556 a factor of 336889852?
True
Is 1080831321 a multiple of 489?
True
Does 280 divide 121125076?
False
Is 4 a factor of 321876895?
False
Is 112917384 a multiple of 36?
True
Is 1004 a factor of 116946924?
True
Is 114 a factor of 2166661294?
False
Is 794 a factor of 417229450?
False
Is 3 a factor of 1916026000?
False
Does 64 divide 840357568?
True
Is 3351994501 a multiple of 1116?
False
Is 139003127 a multiple of 10?
False
Is 775 a factor of 721025621?
False
Is 7997868 a multiple of 2341?
False
Is 37944074 a multiple of 286?
False
Is 3 a factor of 11601709?
False
Does 20 divide 140156511?
False
Is 664119854 a multiple of 4?
False
Does 995 divide 82102995?
False
Is 6 a factor of 146151013?
False
Is 5218166992 a multiple of 388?
True
Does 14 divide 112860468?
True
Does 4043 divide 267032064?
True
Is 124623030 a multiple of 1554?
True
Is 50 a factor of 23165046?
False
Is 7 a factor of 640235449?
True
Does 4 divide 45986573?
False
Does 4 divide 76707040?
True
Is 36338544 a multiple of 297?
True
Is 1188 a factor of 5458860?
True
Does 435 divide 45169095?
True
Does 2062 divide 3081434242?
True
Does 24 divide 7252608?
True
Does 2487 divide 53191162?
False
Is 8 a factor of 44831560?
True
Is 688 a factor of 3127703920?
False
Does 4209 divide 1870681632?
True
Is 130 a factor of 115415820?
True
Is 1277648141 a multiple of 323?
True
Does 10 divide 42573282?
False
Does 10 divide 99786607?
False
Is 974787484 a multiple of 44?
True
Is 352 a factor of 3517184?
True
Is 19 a factor of 677966?
False
Does 64 divide 495583744?
True
Is 40 a factor of 9501800?
True
Does 10 divide 2784256550?
True
Is 39 a factor of 16159260?
True
Is 7 a factor of 24370549?
True
Is 23020798 a multiple of 75?
False
Is 2631823656 a multiple of 5181?
True
Is 202 a factor of 150541712?
True
Is 5 a factor of 89175830?
True
Is 9774684 a multiple of 204?
False
Does 30 divide 511946098?
False
Is 2318 a factor of 449278864?
False
Is 476 a factor of 149580620?
True
Does 7 divide 108906152?
False
Does 7 divide 327732268?
False
Is 70270 a multiple of 3?
False
Does 3270 divide 25424250?
True
Does 92 divide 32605007?
False
Is 33 a factor of 17709500?
False
Is 121174326 a multiple of 819?
True
Is 1043 a factor of 50217321?
True
Is 17 a factor of 11022667?
False
Does 279 divide 168485618?
False
Is 183 a factor of 59274014?
False
Is 886929232 a multiple of 73?
False
Does 366 divide 34366228?
False
Is 2294420363 a multiple of 159?
False
Is 282760956 a multiple of 916?
True
Is 565825869 a multiple of 137?
False
Does 208 divide 63816573?
False
Does 1533 divide 3862536790?
False
Is 66 a factor of 13560624?
True
Is 12 a factor of 18157236?
True
Is 32 a factor of 15896704?
True
Is 771 a factor of 105105033?
True
Is 30 a factor of 609566814?
False
Does 111 divide 362614134?
True
Does 47 divide 36924027?
False
Is 25 a factor of 833177979?
False
Is 130 a factor of 552274621?
False
Is 1647307 a multiple of 920?
False
Is 219665922 a multiple of 98?
True
Is 193 a factor of 875586960?
True
Is 1240934162 a multiple of 166?
True
Is 5 a factor of 36127175?
True
Is 2398902 a multiple of 6?
True
Is 619251775 a multiple of 5?
True
Does 22 divide 60134716?
False
Is 647585 a multiple of 2?
False
Is 34628083 a multiple of 691?
True
Does 386 divide 172998179?
False
Does 3834 divide 1007560895?
False
Is 88719194 a multiple of 37?
False
Does 144 divide 308839248?
True
Does 5 divide 9333215?
True
Is 56 a factor of 2021840979?
False
Is 89812807 a multiple of 8?
False
Does 297 divide 807018201?
True
Is 557436996 a multiple of 12?
True
Does 10 divide 112677365?
False
Is 66875484 a multiple of 794?
False
Is 3821622 a multiple of 21?
True
Is 467 a factor of 136830533?
True
Is 45730879 a multiple of 44?
False
Is 261202461 a multiple of 11?
False
Is 426030032 a multiple of 4?
True
Does 182 divide 326534936?
True
Is 2378 a factor of 309161402?
True
Is 1677 a factor of 6404012?
False
Is 11 a factor of 4029257?
False
Is 682995318 a multiple of 7?
False
Is 27 a factor of 40852296?
True
Is 216444228 a multiple of 364?
True
Does 3214 divide 5851731583?
False
Is 209 a factor of 31909493?
True
Is 1246 a factor